the highest common divisor of 4584 and 7987047?
573
Calculate the highest common divisor of 4996200 and 74400.
600
What is the greatest common factor of 93299 and 138961?
79
What is the greatest common factor of 33 and 22494747?
33
Calculate the greatest common factor of 10140 and 56038034.
338
What is the highest common factor of 258 and 157053?
3
What is the highest common factor of 10131 and 249381?
33
What is the highest common factor of 1998678 and 146652?
726
Calculate the greatest common factor of 18027219 and 2793.
399
Calculate the greatest common factor of 3563280 and 38808.
3528
What is the highest common factor of 3675309 and 7953?
33
Calculate the highest common factor of 9 and 5270145.
3
What is the greatest common divisor of 5207 and 2650871?
127
What is the highest common divisor of 37020 and 47030208?
7404
Calculate the greatest common factor of 81657855 and 270.
135
Calculate the highest common factor of 96476 and 1564.
4
What is the highest common divisor of 34823292 and 124?
124
Calculate the highest common factor of 3 and 168998.
1
What is the greatest common divisor of 3239616 and 1968?
48
Calculate the highest common factor of 30 and 4213635.
15
What is the greatest common factor of 6142 and 4294294?
74
Calculate the highest common divisor of 6480 and 1665040.
80
What is the highest common divisor of 228 and 285286?
2
What is the greatest common divisor of 2484 and 38180?
92
What is the highest common factor of 980 and 1376788?
28
What is the highest common divisor of 20047140 and 3420?
180
What is the highest common divisor of 38000 and 47240?
40
Calculate the highest common divisor of 28833 and 99309.
21
What is the highest common divisor of 230329 and 26268?
11
Calculate the highest common divisor of 4168 and 57441292.
2084
What is the highest common divisor of 1469 and 305084?
13
What is the highest common factor of 10141595 and 10?
5
What is the greatest common divisor of 32 and 13202328?
8
Calculate the highest common divisor of 830734 and 6206.
58
What is the greatest common divisor of 13733 and 9772137?
443
Calculate the highest common divisor of 154462 and 1150254.
238
What is the highest common divisor of 54 and 38170386?
54
Calculate the highest common factor of 2547752 and 476750.
3814
Calculate the greatest common divisor of 522994 and 38057.
19
What is the highest common divisor of 17280 and 121608?
216
What is the highest common factor of 4853 and 133193?
23
Calculate the highest common factor of 8100 and 44828100.
2700
Calculate the highest common divisor of 1203 and 230427833.
401
What is the greatest common factor of 1958 and 490556?
22
What is the highest common divisor of 2531 and 1231?
1
Calculate the greatest common divisor of 5459 and 221347.
103
What is the greatest common divisor of 540066 and 1462?
2
What is the highest common factor of 1324747297 and 148?
37
Calculate the highest common factor of 2973 and 2355.
3
Calculate the greatest common factor of 10168 and 250469.
41
What is the highest common factor of 1276 and 3698660?
116
Calculate the highest common divisor of 734 and 298838558.
734
Calculate the greatest common divisor of 23388 and 285204.
12
What is the greatest common divisor of 81 and 115128099?
9
Calculate the highest common factor of 89168 and 67904.
16
Calculate the greatest common factor of 7323140 and 1705.
55
Calculate the greatest common factor of 27879289 and 1937773.
11201
What is the greatest common divisor of 90699706 and 1046?
1046
What is the highest common divisor of 1665 and 8530905?
555
What is the highest common factor of 2956 and 157596923?
739
What is the greatest common factor of 1188069 and 366626?
239
Calculate the greatest common factor of 19658 and 260.
2
Calculate the greatest common divisor of 14579706 and 30.
6
What is the greatest common factor of 45546250 and 16600?
4150
Calculate the highest common divisor of 160 and 1183328.
32
Calculate the greatest common divisor of 7483960 and 477785.
4015
Calculate the greatest common factor of 1827 and 206952207.
609
Calculate the greatest common divisor of 5 and 3823815.
5
Calculate the highest common divisor of 4300992 and 76.
76
Calculate the highest common divisor of 611640 and 520.
40
What is the greatest common divisor of 1504 and 17833868?
188
Calculate the greatest common factor of 150854 and 21835.
11
Calculate the greatest common divisor of 10642744 and 1472.
184
What is the greatest common factor of 495223728 and 42?
6
Calculate the highest common divisor of 266852 and 458.
2
Calculate the greatest common divisor of 13175 and 135563.
31
What is the greatest common divisor of 137599 and 7651?
7
What is the highest common divisor of 9015 and 1091?
1
What is the highest common divisor of 369357374 and 248?
62
What is the greatest common divisor of 242760 and 706440?
840
What is the greatest common factor of 2123888 and 923?
13
Calculate the highest common factor of 69672 and 10464.
24
Calculate the highest common factor of 4134483 and 19926.
81
What is the greatest common divisor of 3184 and 62302920?
1592
Calculate the greatest common divisor of 2691 and 4263441.
897
Calculate the highest common factor of 391685 and 551247.
361
Calculate the greatest common divisor of 29244943 and 419.
419
What is the highest common factor of 29647 and 113367?
23
Calculate the greatest common factor of 17996796 and 54.
54
What is the highest common factor of 8323558 and 114?
38
Calculate the highest common factor of 288 and 214152678.
18
What is the highest common factor of 10 and 691118960?
10
Calculate the highest common factor of 320463 and 24882.
429
Calculate the greatest common divisor of 24681276 and 1008.
36
What is the greatest common divisor of 314 and 288789411?
157
What is the greatest common factor of 1547 and 140038843?
119
Calculate the greatest common divisor of 4806 and 4236.
6
What is the highest common factor of 57976 and 248?
8
What is the greatest common divisor of 2860984 and 17672?
376
Calculate the highest common factor of 43819 and 19807.
29
What is the highest common divisor of 3225 and 595209?
3
Calculate the highest common factor of 52 and 181987468.
52
Calculate the highest common factor of 18 and 1339062.
6
Calculate the highest common divisor of 283628043 and 1548.
387
Calculate the greatest common factor of 221 and 2561559.
13
Calculate the greatest common divisor of 23347155 and 1105.
65
What is the greatest common divisor of 22 and 510098424?
22
Calculate the highest common divisor of 18 and 6768837.
9
What is the highest common divisor of 761 and 162002441?
761
What is the highest common divisor of 50 and 831861350?
50
Calculate the greatest common divisor of 205875 and 15725.
25
Calculate the highest common factor of 1166660 and 440.
220
What is the highest common divisor of 522 and 26043624?
522
Calculate the greatest common factor of 2044293 and 3477.
183
What is the highest common divisor of 251864 and 16942825?
1657
What is the greatest common divisor of 3105 and 216405?
135
Calculate the greatest common factor of 7496 and 7992.
8
Calculate the greatest common divisor of 344914280 and 60.
20
What is the highest common factor of 124797 and 2290392?
7341
Calculate the highest common factor of 18960 and 178032.
48
Calculate the highest common factor of 15674040 and 1728.
216
Calculate the highest common factor of 292565 and 74438.
91
What is the highest common divisor of 203964 and 5244?
276
What is the highest common divisor of 1773 and 3814857?
9
Calculate the highest common divisor of 2294622 and 22572.
594
What is the highest common divisor of 157397985 and 510?
255
Calculate the greatest common divisor of 9556 and 2696.
4
Calculate the highest common divisor of 7488 and 85524.
12
What is the highest common divisor of 3780 and 143525760?
420
What is the greatest common factor of 240614 and 2134?
22
Calculate the highest common divisor of 37485 and 1097894.
833
Calculate the greatest common factor of 4403288 and 25783.
1121
What is the highest common divisor of 1189 and 38991?
41
Calculate the highest common divisor of 2953070 and 2420630.
4930
Calculate the highest common divisor of 935 and 6867465.
55
What is the highest common factor of 1266 and 2041698?
6
What is the grea